+ 6, b = -2*m + 2. Is 10 a factor of b - ((-2)/6 - 312/9)?
False
Let n(t) = -6*t**2 + 18*t - t**3 - 8*t**2 + 10*t - 11*t. Let m be n(-15). Is 59 a factor of (-2)/((4/177)/(100/m))?
True
Let x(u) = -7. Let i(b) = -396*b + 33. Let r(q) = i(q) + 4*x(q). Does 11 divide r(-1)?
False
Let b(w) = 122*w**2 + 7*w - 18. Does 11 divide b(6)?
False
Let c(b) = b**3 + 4*b**2 - 6*b - 18. Let u = -36 + 31. Let f be c(u). Let p(x) = 3*x**2 + 29*x - 28. Does 17 divide p(f)?
True
Suppose -2*x - 5*l + 10*l - 11 = 0, 0 = 5*x - 4*l + 2. Suppose -x*f = -111 + 29. Is 2 a factor of f?
False
Let d = 1866 + 3606. Is 114 a factor of d?
True
Let h = -17 + 24. Let y(g) = -6*g**2 - 32*g + 34. Let d(z) = -2*z**2 - 11*z + 11. Let a(i) = 14*d(i) - 5*y(i). Does 6 divide a(h)?
False
Is 228 a factor of 20239 - (-22 - (-110)/5)?
False
Let h(f) = 3*f**2 + 3*f - 250. Let v be h(-15). Suppose -3*t + 710 = -8*t. Let z = t + v. Is 35 a factor of z?
False
Let h = -2782 + 9712. Is h a multiple of 77?
True
Does 13 divide 20 - (-14238 + (-64)/4)?
True
Let f(x) = -1 + 3 + 27*x + 18*x + 17*x - 9*x. Let h(d) = d**3 + 5*d**2 + 5*d + 5. Let u be h(-4). Is 5 a factor of f(u)?
True
Suppose -2*b = k + b - 85, 2*b - 80 = -k. Suppose -t = -k + 26. Let c = 69 - t. Is 10 a factor of c?
False
Suppose -3*m + 5*k = 1100, -368 = 2*m - m - 2*k. Let q = m + 616. Is q a multiple of 21?
False
Let j(n) = 2*n**3 + 12*n**2 + 11*n + 9. Let v be j(-5). Let o(i) = 43*i + 55. Does 11 divide o(v)?
False
Let g = -14328 + 20334. Does 42 divide g?
True
Suppose 4*x + 136 = -780. Let l = 731 + x. Is l a multiple of 16?
False
Let h(v) = -6 + 8439*v**2 - 2 - 8425*v**2 - 9*v. Is 2 a factor of h(-1)?
False
Let v(f) = 2*f**2 + f - 4. Let m be v(-4). Let k(c) = -14*c - 217. Let j be k(-16). Suppose -m - 4 = -j*i. Is 3 a factor of i?
False
Suppose 4*p = -d - 245 + 53, 5*d + 20 = 0. Let a be 10 + 10 + -17 + 37. Is 6 a factor of a/(-60) - p/3?
False
Let i(w) = 5741*w**2 + 8*w + 12. Is i(-1) a multiple of 4?
False
Does 12 divide 4 + (-105834)/(-21) - 52/(-182)?
False
Let c be (-15)/35 + 3546/42. Let d = 182 - c. Is d a multiple of 9?
False
Is 14 a factor of (7312 - 1) + (-5)/(60/36)?
True
Let i(b) be the third derivative of -17*b**4/24 - b**3/2 + 6*b**2. Suppose -8*y - 2 = 94. Is 23 a factor of i(y)?
False
Suppose -4*i + 3*a - 4 = 0, -3*i + 2*a + a = 6. Suppose 0*g = -4*g - i*c + 472, -2*c = -5*g + 599. Suppose 811 = 6*v - g. Is 26 a factor of v?
False
Let r(k) = 40*k + 12. Suppose -20 = 10*u - 14*u. Let p be r(u). Suppose 4*z - 4*v - p = 0, -5*z + 3*v + 62 = -193. Is z a multiple of 16?
True
Suppose -3114 - 4480 = -2*j. Is 42 a factor of j?
False
Does 6 divide (-12)/(-132) + (-241658)/(-132) - 2/(-12)?
False
Suppose -3*t = 3*i - 1080, -4*i - 9*t + 14*t + 1449 = 0. Suppose -5*f - 2*v = -471, 0 = -4*f + 4*v + 27 + i. Is f a multiple of 27?
False
Suppose -3*a + 24 = 0, 12*c - 39*a + 37*a = 391088. Does 21 divide c?
True
Suppose 19*x = 9*x. Suppose 4*a + 8*a = x. Suppose 5*j + l - 996 = a, -8*j + 11*j = 3*l + 612. Does 25 divide j?
True
Suppose -3*s - 564 = -7*s. Let l = s - 41. Does 5 divide l?
True
Let q = -10982 - -17269. Is q a multiple of 7?
False
Let p = 616 + -614. Suppose 3*a - 281 = p*a. Is a a multiple of 79?
False
Suppose 2*a = -2*d - 2*a + 20, -10 = d - 3*a. Suppose -d*c + 3*w = -182, -3*w = c + 2*w - 117. Suppose -c = -3*m - 37. Is m a multiple of 4?
True
Suppose 2*p + p = 9. Let h = -9166 - -9519. Suppose -5*i = 4*f - h, -p*i - 36 + 239 = -2*f. Is 23 a factor of i?
True
Let i(b) = 2 + 62*b + 218*b**2 + 68*b + 71*b - 198*b. Is 11 a factor of i(-1)?
False
Let r be 19/2 - 12/8. Let x(w) be the second derivative of w**4/12 - 2*w**3/3 - 3*w**2/2 + 3*w. Is 2 a factor of x(r)?
False
Suppose 4*h + d = -1, 2*h = 4*d + d + 5. Suppose x + 5*n = -2*x + 63, h = -4*x - 4*n + 92. Let z = 40 - x. Is 2 a factor of z?
True
Let p = 3779 + 2971. Does 54 divide p?
True
Let g = -19 + 19. Suppose 2*q = -g*q - 20. Is q/(-30) + 221/3 a multiple of 30?
False
Let n = -18458 + 37097. Is n a multiple of 15?
False
Suppose -3*l = -c, 0*c - 24 = 5*c - 3*l. Let f(j) = 8*j**2 - 5*j - 10 - 4 + j**3 + 5. Is f(c) a multiple of 24?
False
Let z = 1950 + -841. Does 26 divide z?
False
Let x(p) be the first derivative of 95*p**2/2 - 3*p - 60. Suppose 5*o - 14 = m, 5*o - 10 = -4*m + 3*o. Does 8 divide x(m)?
False
Suppose -3*h + 100*u - 96*u + 37103 = 0, 24734 = 2*h - 4*u. Is h a multiple of 217?
True
Let q(m) = 4 - m**3 + 0 + 4*m - 2 - 23*m**2 + 19*m**2. Is q(-5) even?
False
Let z(y) = 5*y**2 - 205*y - 267. Is z(62) a multiple of 44?
False
Suppose -17*a + 64939 = 14398. Is a a multiple of 24?
False
Let i(g) = 22 - 45 + 12 + g. Is i(23) a multiple of 11?
False
Suppose 2*h + 2*h + 2*x - 48 = 0, 11 = h + x. Suppose 3*s - 5*a = -6 + 1, s + 2*a = h. Is 5 a factor of s?
True
Does 38 divide (1566/54)/((-1)/(-81))?
False
Let i(y) = -13*y - 3. Suppose 2*f - 45 = -4*d + 31, 5*d - 95 = 3*f. Suppose -3*k - d + 1 = 0. Does 25 divide i(k)?
True
Let w(x) = -54*x - 475. Let p be w(6). Let q = p + 2319. Is 40 a factor of q?
True
Is (-5912)/(-1) - (-1638)/126 a multiple of 48?
False
Let x(y) = 6*y**3 + y**2 - 3*y + 3. Let w be x(1). Suppose -w*i + m = -11*i + 849, -4*i - 4*m = -864. Is 2 a factor of i?
False
Let m = 321 - -1115. Is 43 a factor of m?
False
Suppose -72*t + 41*t + 345278 = 0. Is 161 a factor of t?
False
Suppose -x + 8 = -7. Suppose x = 2*f + 11. Suppose -f*p - 8 = -26. Is p a multiple of 2?
False
Let l = -63959 + 142079. Does 21 divide l?
True
Let z(i) = -126*i**2 - 2*i + 3. Let a be (22/5 - 6/15) + 2. Let s(h) = -h**2. Let v(f) = a*s(f) - z(f). Is 33 a factor of v(1)?
False
Let d be (-19)/((-9)/(-18) + 3/6). Does 3 divide d/(1 + (-4)/2)?
False
Let l(p) = p**3 + 39*p**2 - 26*p - 8. Does 14 divide l(-13)?
False
Let u = 1531 - 1071. Suppose -458*v + u*v - 66 = 0. Is v a multiple of 2?
False
Suppose -r + 3*r - 5*t = 354, -5*r = -4*t - 851. Suppose 5*j - 410 = -5*o, -r - 47 = -3*o + 5*j. Is 26 a factor of o?
True
Suppose -3*c + 2*c + 2 = 0. Let t(b) = b**3 - b**2 - 5*b + 4. Let g be t(c). Is 2/g - (-4 - 73) a multiple of 30?
False
Suppose 9*h = -2*v + 4*h + 2936, 4 = -h. Is 16 a factor of v?
False
Suppose 2*p - 54256 = -3*n, 74*p + 54312 = 76*p - 4*n. Is 118 a factor of p?
True
Suppose -8784 = -71*y + 55*y. Suppose 3*j + z = 4*z + y, 0 = -5*j + 3*z + 921. Does 31 divide j?
True
Let l(x) = -327*x + 849. Does 99 divide l(-8)?
True
Suppose 0*g - 5*g = -1815. Suppose -b + 5*b + 716 = 2*a, a - 3*b = g. Does 21 divide a?
False
Suppose -6*f + 25 = 85. Is f/4*(-15 - 918/30) a multiple of 5?
False
Suppose 0*i - 3*s - 735 = 4*i, -s = 2*i + 369. Let q = -118 - i. Does 24 divide q?
False
Let b be (11/(-33))/(1/3). Let c(t) = -148*t**3 - 2*t - 3. Does 29 divide c(b)?
False
Suppose 39*p + 5*p - 1032660 = -326196. Does 24 divide p?
True
Suppose -b - 2*n = 6, 4*n - 19 = 3*b - 1. Let p be (0 + 0 - (-3)/b)*-4. Let l = p + 8. Is l a multiple of 3?
False
Let m = -29 - -28. Does 6 divide m + 64 - (-5 + (5 - 0))?
False
Suppose o + 228*h - 20448 = 223*h, -3*o - 2*h + 61461 = 0. Is 7 a factor of o?
False
Suppose -6*f + 60 = -30. Suppose 18*p + 87 = f*p. Let t = 53 + p. Is 3 a factor of t?
True
Let n = -259 - -246. Is 26 a factor of n/2*-12*(-64)/(-6)?
True
Suppose 425676 = -49*m + 485100 + 918126. Is m a multiple of 150?
True
Let k(j) be the first derivative of 37 - 7/2*j**2 + 1/3*j**3 - 46*j. Is k(18) a multiple of 11?
False
Suppose -3*q = -3 - 102. Suppose 5*f = p - q, -3*f + 25 = 3*p - 2*f. Is 9 a factor of p - (4/(-10) + (-39)/15)?
False
Suppose -1216 = 4*t - 5*k, 3*t + 2*k + 943 = -2*k. Let r = -155 - t. Is r a multiple of 14?
True
Let p(m) = 5*m**2 - 27*m - 33. Let r(h) = 3*h**2 - 18*h - 22. Let s(n) = 5*p(n) - 8*r(n). Let q be s(-7). Does 18 divide 1/q + (-3900)/(-36)?
True
Let v(s) = 784*s**2 + 1377*s + 12341. Is 14 a factor of v(-9)?
False
Let l(i) be the second derivative of -i**4/6 - 3*i**3/2 + 5*i**2 - 13*i. Let b be l(-7). Is 10 a factor of (b/(-10))/(-5) + (-618)/(-4)?
False
Let o = 84 - 75. Suppose -n - 4*w = 27, -106 = 3*n - n - 5*w. Let f = o - n. Is f a multiple of 14?
False
Suppose f = -f + 4*f. Let p be 0 - (f - 2)*3. Suppose p*m + 14 = 8*m. Does 4 divide m?
False
Suppose -22*p - 40*p + 631594 = 0. Is p a multiple of 8?
False
Let i = -3478 - -6118. Is i a multiple of 8?
